28.
7
What is the greatest common factor of 63 and 69111?
63
What is the greatest common divisor of 90 and 234?
18
What is the highest common factor of 31 and 2759?
31
Calculate the highest common factor of 3 and 402.
3
Calculate the greatest common divisor of 1056 and 6.
6
What is the greatest common divisor of 4681 and 31?
31
What is the greatest common divisor of 86820 and 12?
12
Calculate the highest common divisor of 261 and 29.
29
What is the highest common divisor of 969 and 425?
17
What is the highest common divisor of 80 and 56?
8
What is the highest common divisor of 78 and 2704?
26
Calculate the greatest common factor of 330 and 462.
66
Calculate the greatest common divisor of 9 and 11898.
9
What is the highest common divisor of 515 and 1751?
103
Calculate the highest common factor of 250 and 30.
10
What is the greatest common divisor of 44 and 374?
22
What is the greatest common factor of 520 and 832?
104
What is the highest common divisor of 34 and 33133?
17
Calculate the highest common divisor of 272 and 4114.
34
Calculate the greatest common divisor of 28 and 252.
28
What is the greatest common factor of 10122 and 147?
21
Calculate the greatest common factor of 2407 and 664.
83
Calculate the greatest common factor of 391 and 51.
17
What is the greatest common factor of 730 and 1022?
146
Calculate the greatest common divisor of 8 and 919.
1
What is the highest common factor of 676 and 52?
52
What is the highest common factor of 280 and 35?
35
What is the greatest common divisor of 5913 and 146?
73
Calculate the greatest common factor of 348 and 228.
12
Calculate the greatest common divisor of 8938 and 218.
218
Calculate the highest common divisor of 40 and 560.
40
What is the highest common divisor of 2007 and 3122?
223
Calculate the greatest common factor of 2868 and 12.
12
What is the highest common divisor of 42 and 742?
14
Calculate the highest common divisor of 71 and 64468.
71
What is the highest common factor of 10940 and 20?
20
Calculate the greatest common divisor of 1065 and 135.
15
Calculate the highest common factor of 14 and 560.
14
What is the greatest common divisor of 244 and 2623?
61
Calculate the greatest common divisor of 1116 and 1044.
36
Calculate the greatest common factor of 42 and 56.
14
Calculate the greatest common factor of 18 and 10566.
18
Calculate the highest common divisor of 50 and 2775.
25
What is the highest common factor of 2211 and 33?
33
Calculate the highest common factor of 16 and 115664.
16
What is the greatest common divisor of 47 and 517?
47
Calculate the greatest common divisor of 62 and 6.
2
What is the greatest common divisor of 32 and 17344?
32
Calculate the greatest common factor of 5377 and 95.
19
What is the greatest common factor of 432 and 90?
18
Calculate the greatest common divisor of 62 and 1054.
62
What is the greatest common factor of 4 and 512?
4
What is the greatest common factor of 2450 and 250?
50
Calculate the greatest common divisor of 8 and 1732.
4
Calculate the greatest common divisor of 7755 and 282.
141
Calculate the highest common divisor of 306 and 414.
18
Calculate the greatest common factor of 154 and 88.
22
What is the greatest common factor of 456 and 264?
24
Calculate the greatest common divisor of 28 and 1036.
28
Calculate the greatest common divisor of 3 and 303.
3
What is the greatest common divisor of 30 and 30?
30
Calculate the highest common factor of 14 and 3710.
14
What is the greatest common factor of 117 and 39?
39
Calculate the highest common divisor of 209 and 38.
19
What is the greatest common factor of 207 and 171?
9
Calculate the greatest common divisor of 162 and 36.
18
What is the greatest common factor of 315 and 504?
63
Calculate the highest common divisor of 144 and 18432.
144
What is the highest common divisor of 198 and 18?
18
What is the greatest common factor of 377 and 702?
13
What is the greatest common divisor of 12626 and 118?
118
Calculate the highest common factor of 777 and 105.
21
Calculate the highest common divisor of 10 and 35.
5
Calculate the greatest common factor of 70 and 294.
14
What is the greatest common divisor of 310 and 20?
10
What is the highest common divisor of 45 and 165?
15
Calculate the greatest common divisor of 8 and 128.
8
What is the highest common divisor of 720 and 12?
12
Calculate the greatest common divisor of 896 and 28.
28
Calculate the greatest common divisor of 2977 and 208.
13
What is the highest common factor of 184 and 8?
8
Calculate the highest common divisor of 28 and 64.
4
Calculate the highest common divisor of 140 and 780.
20
What is the highest common divisor of 14 and 3206?
14
What is the highest common factor of 154 and 182?
14
What is the greatest common factor of 288 and 504?
72
What is the highest common factor of 11368 and 49?
49
Calculate the greatest common factor of 2412 and 120.
12
What is the highest common divisor of 35 and 4480?
35
What is the greatest common divisor of 160 and 60?
20
What is the highest common factor of 21 and 15?
3
Calculate the greatest common factor of 352 and 64.
32
What is the highest common divisor of 45 and 40305?
15
Calculate the highest common divisor of 623 and 7.
7
What is the highest common divisor of 110 and 43670?
110
What is the highest common factor of 232 and 29?
29
Calculate the greatest common factor of 31 and 775.
31
What is the highest common factor of 130 and 7384?
26
What is the highest common factor of 1110 and 780?
30
Calculate the greatest common divisor of 94 and 56494.
94
What is the greatest common divisor of 23 and 5888?
23
Calculate the highest common divisor of 198 and 4488.
66
What is the highest common divisor of 592 and 1924?
148
What is the greatest common factor of 1719 and 36?
9
What is the greatest common divisor of 1645 and 175?
35
Calculate the highest common factor of 150 and 24.
6
Calculate the greatest common factor of 996 and 300.
12
Calculate the greatest common factor of 99 and 264.
33
What is the greatest common factor of 63 and 1477?
7
What is the greatest common divisor of 371 and 7?
7
Calculate the greatest common divisor of 20 and 46.
2
What is the greatest common factor of 18 and 27?
9
Calculate the greatest common factor of 130 and 26.
26
Calculate the highest common factor of 92 and 36.
4
Calculate the greatest common divisor of 33 and 66121.
11
Calculate the highest common divisor of 468 and 24.
12
Calculate the highest common factor of 112 and 1792.
112
Calculate the greatest common divisor of 22 and 374.
22
What is the greatest common factor of 572 and 132?
44
Calculate the greatest common divisor of 13 and 2.
1
What is the highest common divisor of 178 and 86953?
89
Calculate the highest common factor of 810 and 60.
30
Calculate the highest common divisor of 2463 and 6.
3
Calculate the highest common factor of 289 and 425.
17
Calculate the highest common factor of 70 and 225.
5
Calculate the highest common divisor of 10 and 845.
5
Calculate the highest common factor of 198 and 66.
66
What is the highest common divisor of 152 and 1140?
76
What is the greatest common factor of 10860 and 60?
60
What is the greatest common factor of 18506 and 114?
38
Calculate the highest common divisor of 544 and 85.
17
What is the highest common divisor of 27 and 810?
27
Calculate the highest common divisor of 98 and 2107.
49
What is the greatest common factor of 3237 and 273?
39
What is the highest common factor of 1961 and 371?
53
What is the highest common factor of 11 and 11?
11
What is the greatest common divisor of 4 and 1?
1
What is the greatest common factor of 146 and 5402?
146
What is the highest common factor of 69 and 8763?
69
Calculate the greatest common factor of 429 and 2717.
143
Calculate the highest common factor of 510 and 408.
102
Calculate the greatest common factor of 58476 and 66.
66
What is the highest common divisor of 18 and 216?
18
Calculate the highest common divisor of 8 and 872.
8
Calculate the highest common factor of 960 and 360.
120
What is the greatest common divisor of 3 and 2808?
3
Calculate the greatest common divisor of 1335 and 45.
15
What is the highest common factor of 830 and 140?
10
Calculate the highest common factor of 46 and 69.
23
What is the highest common factor of